t is 2 + 12041?
12043
In base 2, what is 11111 + 1000100?
1100011
In base 5, what is -11213 - -4?
-11204
In base 16, what is -10 - -3?
-d
In base 15, what is -7c31 - 4?
-7c35
In base 7, what is -34 - 11?
-45
In base 11, what is -4 + 93?
8a
In base 11, what is -83 + 2?
-81
In base 9, what is 1466 + -3?
1463
In base 14, what is -7 - -cc?
c5
In base 4, what is 10 - 303133?
-303123
In base 11, what is 46 + 19?
64
In base 2, what is -111111110110 + 100?
-111111110010
In base 2, what is 0 + 1011?
1011
In base 11, what is 83 - 9?
75
In base 5, what is -31 - 141?
-222
In base 10, what is 2 - 593?
-591
In base 6, what is 111 - 0?
111
In base 3, what is -22000 + -1?
-22001
In base 15, what is 43e2 + 2?
43e4
In base 7, what is 2 - 146?
-144
In base 14, what is -4 + -137?
-13b
In base 12, what is -15 + -501?
-516
In base 15, what is 14 - -14c?
161
In base 11, what is -2 + -119?
-120
In base 9, what is -604 - 3?
-607
In base 8, what is 14 + -1?
13
In base 13, what is 3 - 241?
-23b
In base 2, what is 1010101 + -11?
1010010
In base 8, what is -7365 + 2?
-7363
In base 7, what is -3100 + 2?
-3065
In base 6, what is -11 - 2511?
-2522
In base 8, what is -5475 - -2?
-5473
In base 9, what is -73 - -25?
-47
In base 15, what is -8 - -52?
49
In base 11, what is 8 - -1519?
1526
In base 12, what is 4 - 138?
-134
In base 5, what is -4 - 2143?
-2202
In base 14, what is -2 - -15c6?
15c4
In base 15, what is 9b8 + 3?
9bb
In base 3, what is 102012 - 0?
102012
In base 11, what is 55 + -19?
37
In base 13, what is -29 - -46?
1a
In base 13, what is -5 + 98?
93
In base 7, what is -20 - 2?
-22
In base 13, what is -140 - -3?
-13a
In base 15, what is 4b6 + 1?
4b7
In base 15, what is 6 - 13?
-c
In base 12, what is -257 - 8?
-263
In base 9, what is 84 + -5?
78
In base 12, what is -3 + 709?
706
In base 16, what is -c + -65?
-71
In base 5, what is 10 + 11342?
11402
In base 7, what is -263 - -5?
-255
In base 6, what is -4 + -5?
-13
In base 14, what is 3b - -35?
72
In base 9, what is 13076 + -1?
13075
In base 12, what is -5 + 4?
-1
In base 15, what is -2 + -29?
-2b
In base 9, what is 42 + -7?
34
In base 15, what is -5 + -95?
-9a
In base 8, what is -3 + -3?
-6
In base 13, what is -2 + -427?
-429
In base 16, what is 19d + -1?
19c
In base 12, what is 15 + 15?
2a
In base 4, what is 12 - 3300?
-3222
In base 9, what is -11362 + 3?
-11358
In base 8, what is -3 - 6042?
-6045
In base 13, what is 1 + -2c?
-2b
In base 8, what is -2 + -3323?
-3325
In base 8, what is -3 + -346?
-351
In base 5, what is 1412 + 4?
1421
In base 14, what is 11 - -43?
54
In base 12, what is 0 - -b2?
b2
In base 4, what is -302 + -1?
-303
In base 2, what is -1100000001010 - 100?
-1100000001110
In base 12, what is -679 - 5?
-682
In base 11, what is -678 - 27?
-6a4
In base 7, what is 16422 + 4?
16426
In base 4, what is -3 + 31?
22
In base 2, what is 100100001110 + 0?
100100001110
In base 15, what is 39 + 5?
3e
In base 12, what is -2922 + -5?
-2927
In base 10, what is -114 + -25?
-139
In base 2, what is 110011101101 + 101?
110011110010
In base 3, what is -12 + 220110?
220021
In base 14, what is 2 - 19?
-17
In base 4, what is -333 + -2?
-1001
In base 9, what is -1 - -32?
31
In base 10, what is 0 - 685?
-685
In base 2, what is 101 - 111100?
-110111
In base 14, what is -38 - -3?
-35
In base 15, what is -13 - 16?
-29
In base 14, what is -3 + -38?
-3b
In base 14, what is 15 + 148?
15d
In base 3, what is 12100 + -1222?
10101
In base 13, what is 3 - 440?
-43a
In base 5, what is 2 - 303?
-301
In base 2, what is 1011001 + 111101?
10010110
In base 5, what is 14043 - 1?
14042
In base 5, what is 111 + 1?
112
In base 9, what is -3 - -537?
534
In base 2, what is 1 + 1101000?
1101001
In base 3, what is 212 + -102?
110
In base 6, what is 3334 + -12?
3322
In base 3, what is -10 + -220122?
-220202
In base 5, what is -11 + -2?
-13
In base 13, what is -11 + 1a?
9
In base 3, what is 21 - -111?
202
In base 15, what is 13 + 4?
17
In base 15, what is -25e + -1?
-260
In base 13, what is 0 - -2b1?
2b1
In base 4, what is -1101 + 121?
-320
In base 14, what is 1a7 + 12?
1b9
In base 6, what is 0 - 12341?
-12341
In base 10, what is 20719 + -3?
20716
In base 11, what is 3 + 835?
838
In base 2, what is -1010 - 11000110?
-11010000
In base 12, what is 3 - -a?
11
In base 14, what is -5 - 19?
-20
In base 6, what is -12 - 0?
-12
In base 7, what is -3 + -441?
-444
In base 12, what is -5 - 15?
-1a
In base 10, what is -8 - -194?
186
In base 8, what is 3 + -60?
-55
In base 15, what is -2 + 20?
1d
In base 5, what is 12 - -11123?
11140
In base 3, what is 12100 - 11?
12012
In base 8, what is 3 - 112?
-107
In base 5, what is 33 + -23?
10
In base 14, what is -4c8 + -7?
-4d1
In base 6, what is 1 + 153?
154
In base 15, what is -2 - 9d?
-a0
In base 15, what is -1a - -7?
-13
In base 15, what is 152 + 29?
17b
In base 16, what is -8 - 2a?
-32
In base 9, what is -2 - -65?
63
In base 6, what is 1 - 12554?
-12553
In base 14, what is 44b - -d?
45a
In base 15, what is 26 + -3?
23
In base 5, what is -101 + -2?
-103
In base 5, what is -2130 + 2?
-2123
In base 7, what is -1 + 6312?
6311
In base 7, what is -43 + 5?
-35
In base 8, what is 276 + 3?
301
In base 15, what is -11 + 14?
3
In base 8, what is 15 + -17?
-2
In base 7, what is -4 + -546?
-553
In base 10, what is -12 - -11?
-1
In base 3, what is 12 - -2200000?
2200012
In base 15, what is 1b + -3?
18
In base 14, what is -1c + 2c?
10
In base 16, what is -b - -244?
239
In base 14, what is 1 - 152d?
-152c
In base 9, what is 4 - 12?
-7
In base 5, what is 1232 + 112?
1344
In base 8, what is -15 + 416?
401
In base 13, what is a7 - 1?
a6
In base 15, what is c + 3?
10
In base 4, what is 2 - -11110?
11112
In base 15, what is 13 - -1b3?
1c6
In base 13, what is -7 + -882?
-889
In base 11, what is -42 - 0?
-42
In base 10, what is 4 + 69?
73
In base 6, what is 255 - 5?
250
In base 2, what is -101 - 10001100?
-10010001
In base 4, what is 2 + 1000?
1002
In base 15, what is 34c - -4?
351
In base 13, what is 4 + -13?
-c
In base 16, what is 1b - -17?
32
In base 2, what is 100 + 101011001?
101011101
In base 11, what is 695 + -4?
691
In base 16, what is 3 - c?
-9
In base 6, what is -32 - 2143?
-2215
In base 11, what is 7 + -57?
-50
In base 16, what is 181 - -3?
184
In base 13, what is 5 - -28?
30
In base 14, what is 1 - -a?
b
In base 7, what is -2145 - 0?
-2145
In base 7, what is 3 + 114?
120
In base 9, what is -2 + 2211?
2208
In base 8, what is 4 + -465?
-461
In base 10, what is 19 - 3?
16
In base 14, what is -4d7 + 10?
-4c7
In base 7, what is -315 + 1?
-314
In base 13, what is -50 + 2?
-4b
In base 9, what is -1 - -60?
58
In base 8, what is 4 - 12?
-6
In base 8, what is 64 - -13?
77
In base 13, what is -179c + -3?
-17a2
In base 11, what is -1 - -26?
25
In base 2, what is -10100100000 - 10?
-10100100010
In base 12, what is 2 + -46b?
-469
In base 4, what is -220 + 20?
-200
In base 13, what is -3 + -105?
-108
In base 3, what is -1022 + -10022?
-11121
In base 8, what is 25 + -615?
-570
In base 15, what is -17e4 + -2?
-17e6
In base 13, what is 1 - -1640?
1641
In base 7, what is -4 + 1260?
1253
In base 8, what is 4 - 4370?
-4364
In base 12, what is 4 + 3?
7
In base 12, what is 3 + -89?
-86
In base 6, what is -44 - 200?
-244
In base 15, what is 2db + 5?
2e1
In base 15, what is -4 - -79?
75
In base 3, what is 10 - -2121111?
2121121
In base 13, what is -26 - 5?
-2b
In base 5, what is 1 - -31?
32
In base 4, what is 10312 - 0?
10312
In base 13, what is 0 - -35?
35
In base 15, what is -24 + -69?
-8d
In base 14, what is -1d6 - -2?
-1d4
In base 13, what is -13 - b?
-21
In base 12, what is -94 + 0?
-94
In base 9, what is 712 - -4?
716
In base 5, what is 3 - -1211?
1214
In base 6, what is -4000 - 12?
-4012
In base 12, what is 7 + 24?
2b
In base 14, what is -2 - 1bc?
-1c0
In base 4, what is 31 - 120?
-23
In base 10, what is 3 + 76?
79
In base 11, what is 3 - -33?
36
In base 10, what is -110 + 10?
-100
In base 11, what is -2 - -158a?
1588
In base 3, what is -11 + 1012?
1001
In base 9, what is 2 - -5?
7
In base 12, what is 69 - -4?
71
In base 6, what is 4 - 2440?
-2432
In base 7, what is 46 - 4?
42
In base 15, what is 127 - 3?
124
In base 14, what is 2351 + -4?
234b
In base 12, what is -5 + -66?
-6b
In base 6, what is -121 - 15?
-140
In base 14, what is 13 - d?
4
In ba